 remainder when 3663954 is divided by 73.
11
Calculate the remainder when 265355 is divided by 26393.
1425
Calculate the remainder when 7690469 is divided by 5.
4
Calculate the remainder when 348014 is divided by 784.
702
What is the remainder when 742619 is divided by 306?
263
What is the remainder when 18448 is divided by 2051?
2040
What is the remainder when 7105710 is divided by 4955?
240
Calculate the remainder when 1736379 is divided by 775.
379
Calculate the remainder when 1731755 is divided by 3520.
3435
What is the remainder when 82298 is divided by 982?
792
What is the remainder when 96278022 is divided by 7674?
18
What is the remainder when 509394134 is divided by 2216?
2214
Calculate the remainder when 342413 is divided by 352.
269
Calculate the remainder when 109949292 is divided by 3939.
3924
Calculate the remainder when 245970798 is divided by 217.
213
What is the remainder when 1509448 is divided by 70?
38
What is the remainder when 37310 is divided by 4481?
1462
Calculate the remainder when 1213551 is divided by 93.
87
Calculate the remainder when 123107 is divided by 4859.
1632
What is the remainder when 64235 is divided by 1129?
1011
Calculate the remainder when 1785829 is divided by 1876.
1753
Calculate the remainder when 191175 is divided by 21241.
6
What is the remainder when 10063868 is divided by 834?
824
What is the remainder when 15512813 is divided by 57?
35
What is the remainder when 5345783 is divided by 466?
297
Calculate the remainder when 6988029 is divided by 483.
468
What is the remainder when 37644308 is divided by 55?
53
What is the remainder when 3016314 is divided by 77340?
54
Calculate the remainder when 404243 is divided by 1225.
1218
What is the remainder when 364510 is divided by 10379?
1245
What is the remainder when 1494537 is divided by 5225?
187
Calculate the remainder when 8405103 is divided by 47.
46
What is the remainder when 142983 is divided by 11915?
3
What is the remainder when 12636 is divided by 468?
0
What is the remainder when 6423 is divided by 4414?
2009
Calculate the remainder when 20131 is divided by 16905.
3226
Calculate the remainder when 17945744 is divided by 1057.
1055
What is the remainder when 327196 is divided by 1501?
1479
What is the remainder when 870636 is divided by 870074?
562
What is the remainder when 3652766 is divided by 53?
6
Calculate the remainder when 20322 is divided by 9649.
1024
Calculate the remainder when 133277 is divided by 8326.
61
What is the remainder when 2341595 is divided by 564?
431
What is the remainder when 750315 is divided by 548?
103
Calculate the remainder when 8809996 is divided by 8890.
6
What is the remainder when 35801395 is divided by 182?
175
Calculate the remainder when 11129469 is divided by 175.
169
Calculate the remainder when 5137 is divided by 4615.
522
Calculate the remainder when 35912368 is divided by 748174.
16
What is the remainder when 495842 is divided by 17708?
18
Calculate the remainder when 116694 is divided by 558.
72
Calculate the remainder when 16987072 is divided by 401.
311
What is the remainder when 73799 is divided by 4326?
257
Calculate the remainder when 6513732 is divided by 42024.
12
What is the remainder when 6497570 is divided by 649756?
10
Calculate the remainder when 304303 is divided by 14404.
1819
What is the remainder when 2426279 is divided by 107?
54
Calculate the remainder when 576495 is divided by 1111.
997
Calculate the remainder when 40843531 is divided by 611.
14
Calculate the remainder when 708777472 is divided by 9053.
9049
What is the remainder when 3560 is divided by 118?
20
What is the remainder when 2319949 is divided by 239?
215
What is the remainder when 412109 is divided by 241?
240
Calculate the remainder when 994848 is divided by 15063.
690
What is the remainder when 433421457 is divided by 2038?
2035
What is the remainder when 105616 is divided by 15064?
168
Calculate the remainder when 920836 is divided by 990.
136
Calculate the remainder when 119904002 is divided by 914.
912
What is the remainder when 5296718 is divided by 5296715?
3
Calculate the remainder when 4126156 is divided by 152.
116
Calculate the remainder when 1672596 is divided by 1540.
156
What is the remainder when 275280609 is divided by 31?
20
Calculate the remainder when 131763 is divided by 2430.
543
Calculate the remainder when 34015210 is divided by 80.
10
What is the remainder when 119050 is divided by 3604?
118
What is the remainder when 29853 is divided by 7433?
121
What is the remainder when 5309309 is divided by 312312?
5
What is the remainder when 55306138 is divided by 1867?
1864
Calculate the remainder when 184123 is divided by 15228.
1387
Calculate the remainder when 150282 is divided by 124.
118
What is the remainder when 859329 is divided by 23225?
4
Calculate the remainder when 53146 is divided by 6873.
5035
Calculate the remainder when 25981771 is divided by 220.
211
What is the remainder when 3772116 is divided by 1119?
1086
What is the remainder when 4852063 is divided by 343?
328
What is the remainder when 106598771 is divided by 431?
403
What is the remainder when 36704 is divided by 5206?
262
What is the remainder when 428469 is divided by 8569?
19
What is the remainder when 3884592593 is divided by 10985?
10983
What is the remainder when 1631921 is divided by 4857?
4826
What is the remainder when 87491 is divided by 5826?
101
What is the remainder when 1384309 is divided by 20661?
22
What is the remainder when 19987 is divided by 3281?
301
Calculate the remainder when 87564 is divided by 7959.
15
What is the remainder when 551353 is divided by 548980?
2373
Calculate the remainder when 5115839 is divided by 10548.
59
Calculate the remainder when 3874177 is divided by 2259.
2251
Calculate the remainder when 137476 is divided by 455.
66
Calculate the remainder when 4228916 is divided by 183865.
21
Calculate the remainder when 38076 is divided by 1357.
80
Calculate the remainder when 93232 is divided by 1744.
800
Calculate the remainder when 35405535 is divided by 2212845.
15
Calculate the remainder when 106471770 is divided by 417.
411
Calculate the remainder when 1191890 is divided by 1189168.
2722
What is the remainder when 130258 is divided by 1831?
257
What is the remainder when 490787 is divided by 32701?
272
What is the remainder when 1589194 is divided by 1589156?
38
What is the remainder when 1284503344 is divided by 147?
145
What is the remainder when 23750008 is divided by 22?
18
What is the remainder when 967485 is divided by 2309?
14
What is the remainder when 49122949 is divided by 16374316?
1
Calculate the remainder when 1160969 is divided by 170.
39
Calculate the remainder when 2695322 is divided by 4.
2
Calculate the remainder when 5201698 is divided by 52542.
40
Calculate the remainder when 23484638 is divided by 5.
3
What is the remainder when 61859 is divided by 764?
739
What is the remainder when 598769 is divided by 1414?
647
Calculate the remainder when 31320495 is divided by 1744.
1743
Calculate the remainder when 665837 is divided by 331456.
2925
What is the remainder when 210573 is divided by 5829?
729
Calculate the remainder when 13976 is divided by 112.
88
Calculate the remainder when 18772013 is divided by 899.
893
Calculate the remainder when 210831 is divided by 208868.
1963
What is the remainder when 2197605 is divided by 1098303?
999
Calculate the remainder when 2029334 is divided by 328.
326
Calculate the remainder when 151060 is divided by 29.
28
Calculate the remainder when 326594 is divided by 1261.
1256
What is the remainder when 10336 is divided by 90?
76
What is the remainder when 365638 is divided by 5264?
2422
What is the remainder when 6737084 is divided by 2245689?
17
What is the remainder when 3181403 is divided by 28661?
32
Calculate the remainder when 7937679 is divided by 1703.
1699
What is the remainder when 450417 is divided by 288?
273
What is the remainder when 422087 is divided by 210?
197
Calculate the remainder when 3941709 is divided by 372.
369
What is the remainder when 151680 is divided by 847?
67
What is the remainder when 1717344 is divided by 12627?
72
What is the remainder when 2214258 is divided by 130245?
93
Calculate the remaind